6370
Convert 1346 (base 11) to base 4.
123100
Convert -33d0 (base 15) to base 14.
-4015
What is -104021 (base 5) in base 12?
-2130
Convert -202212111 (base 3) to base 11.
-10481
731 (base 12) to base 3
1102201
Convert 221212000 (base 3) to base 2.
100100110011110
Convert 252 (base 8) to base 13.
101
Convert -789e (base 16) to base 9.
-46318
-1025 (base 7) to base 14
-1bc
10422 (base 6) to base 13
87b
What is -471 (base 14) in base 5?
-12013
Convert -1251 (base 8) to base 5.
-10211
What is 1000110100110111 (base 2) in base 12?
18b07
35027 (base 8) to base 2
11101000010111
2ccc (base 13) to base 12
3992
Convert 233352 (base 7) to base 10.
42030
What is -232a (base 12) in base 8?
-7522
What is d239 (base 15) in base 6?
541243
-14138 (base 10) to base 16
-373a
-1101101111 (base 2) to base 13
-528
-3303011 (base 4) to base 11
-10763
11011001011 (base 2) to base 4
123023
-344 (base 7) to base 5
-1204
8840 (base 10) to base 13
4040
71b (base 14) to base 5
21042
What is -11968 (base 10) in base 5?
-340333
Convert 74 (base 9) to base 13.
52
Convert -11011011 (base 2) to base 12.
-163
What is -4202 (base 5) in base 4?
-20220
180 (base 11) to base 15
de
What is 1e3d (base 16) in base 3?
101121201
What is 110110000 (base 2) in base 11?
363
Convert -483 (base 10) to base 3.
-122220
-422334 (base 5) to base 16
-370e
What is -366 (base 8) in base 16?
-f6
220202 (base 3) to base 9
822
-56376 (base 11) to base 5
-10103022
Convert 75 (base 13) to base 11.
88
Convert 101101100110011 (base 2) to base 8.
55463
-140 (base 13) to base 7
-434
12189 (base 12) to base 6
305053
1154 (base 9) to base 11
711
-1cf (base 16) to base 14
-251
What is -8566 (base 9) in base 6?
-45053
What is 5443 (base 6) in base 16?
4e3
4014 (base 5) to base 14
285
523 (base 9) to base 15
1d6
What is -23d (base 14) in base 4?
-12333
What is 532 (base 13) in base 4?
31312
-1365 (base 10) to base 7
-3660
Convert -1302 (base 4) to base 13.
-8a
Convert 42313 (base 5) to base 15.
c8d
What is 121011 (base 3) in base 8?
664
-755 (base 11) to base 5
-12112
Convert 322 (base 7) to base 5.
1123
What is 30074 (base 8) in base 14?
4700
13112 (base 5) to base 15
48c
What is 1893 (base 13) in base 16?
e55
-3bc5 (base 16) to base 5
-442201
2a8 (base 12) to base 5
3131
What is 11101011010 (base 2) in base 13?
b1a
Convert 1259 (base 12) to base 10.
2085
Convert 120121201 (base 3) to base 8.
26172
What is 664 (base 12) in base 4?
32230
What is 24030 (base 8) in base 2?
10100000011000
What is -316 (base 7) in base 6?
-424
What is 614 (base 10) in base 6?
2502
Convert 2011 (base 9) to base 14.
76c
What is -3c2 (base 13) in base 14?
-357
What is -769 (base 11) in base 12?
-64a
Convert 33015 (base 6) to base 13.
20ba
Convert -1214 (base 8) to base 9.
-804
Convert 112101 (base 4) to base 12.
9a9
Convert 30461 (base 10) to base 3.
1112210012
-2103 (base 9) to base 3
-2010010
What is 43510 (base 6) in base 5?
143033
Convert 110100011 (base 2) to base 16.
1a3
d27 (base 15) to base 7
11431
-110323 (base 4) to base 10
-1339
200210 (base 5) to base 4
1202201
What is 3a (base 13) in base 5?
144
Convert 1026 (base 7) to base 11.
300
What is 20 (base 11) in base 9?
24
1326 (base 10) to base 5
20301
Convert 164 (base 13) to base 11.
209
What is -85a (base 12) in base 3?
-1200021
Convert -55c (base 15) to base 3.
-1122220
What is -a833 (base 12) in base 14?
-6a35
Convert 3001 (base 7) to base 5.
13110
Convert 2021220 (base 3) to base 7.
4605
Convert 17bb (base 12) to base 15.
cbe
-1523 (base 8) to base 6
-3535
Convert 2aa (base 11) to base 7.
1025
Convert 2582 (base 9) to base 5.
30222
-46270 (base 9) to base 8
-74173
Convert 134c (base 16) to base 7.
20255
Convert 161 (base 13) to base 14.
13a
What is -51b (base 13) in base 9?
-1165
Convert 111111110111010 (base 2) to base 9.
48761
What is -22775 (base 8) in base 4?
-2113331
What is 2043 (base 5) in base 9?
333
Convert 141666 (base 8) to base 13.
19a60
Convert 784 (base 9) to base 10.
643
Convert 1783 (base 10) to base 16.
6f7
-28fb (base 16) to base 8
-24373
What is 547 (base 15) in base 16?
4a8
-748 (base 10) to base 15
-34d
What is 11110010001010 (base 2) in base 9?
23230
Convert -10585 (base 14) to base 13.
-14ca6
Convert 102132 (base 4) to base 7.
3306
-1617 (base 8) to base 10
-911
Convert -2496 (base 10) to base 6.
-15320
What is 11201022 (base 3) in base 15?
1042
3711 (base 11) to base 12
2984
Convert -133332 (base 4) to base 11.
-15a0
-55ba (base 12) to base 2
-10010100011110
Convert 1110 (base 11) to base 2.
10110110111
What is -12a (base 13) in base 15?
-da
Convert -142342 (base 8) to base 14.
-14522
Convert 434 (base 12) to base 2.
1001101000
Convert -6250 (base 7) to base 2.
-100010001111
Convert -1010 (base 9) to base 13.
-44a
-522 (base 8) to base 14
-1a2
Convert 1692 (base 15) to base 16.
12fe
Convert 2030 (base 15) to base 11.
5118
-1338 (base 14) to base 15
-1007
What is -252ac (base 13) in base 11?
-47592
What is -a28d (base 14) in base 4?
-12310311
Convert -679 (base 13) to base 14.
-598
Convert -362 (base 10) to base 8.
-552
-2593 (base 13) to base 8
-12357
Convert 1353 (base 6) to base 2.
101100101
7524 (base 11) to base 9
14573
What is 41843 (base 10) in base 12?
2026b
-134000 (base 7) to base 10
-25382
Convert -11222 (base 3) to base 8.
-206
What is d9 (base 14) in base 9?
232
Convert 5795 (base 13) to base 6.
132522
What is -b241 (base 12) in base 5?
-1104340
What is -221211 (base 3) in base 9?
-854
Convert 298 (base 12) to base 3.
112222
Convert -813 (base 12) to base 3.
-1121020
35053 (base 6) to base 10
5001
-40535 (base 6) to base 2
-1010100001011
What is -611 (base 8) in base 15?
-1b3
-87 (base 15) to base 14
-91
What is 20743 (base 8) in base 3?
102220022
Convert 18255 (base 10) to base 16.
474f
What is -16415 (base 7) in base 3?
-20101212
-782 (base 10) to base 2
-1100001110
What is 987 (base 16) in base 13?
1158
What is -10323 (base 6) in base 10?
-1419
What is 1489 (base 13) in base 7?
11464
1004 (base 8) to base 11
42a
What is -100112 (base 8) in base 15?
-9ae7
What is 11001100111101 (base 2) in base 7?
53146
1592 (base 10) to base 7
4433
What is -2352 (base 9) in base 13?
-a46
Convert -1742 (base 9) to base 2.
-10100110110
What is -14232 (base 6) in base 4?
-203030
12654 (base 11) to base 2
100011010101000
Convert -1b4 (base 16) to base 7.
-1162
Convert -13238 (base 9) to base 5.
-241240
Convert 21234 (base 6) to base 3.
10222111
-20010201 (base 3) to base 13
-2062
What is 79a (base 13) in base 4?
110132
What is 2104 (base 13) in base 3?
20021011
543 (base 6) to base 11
179
35130 (base 7) to base 6
105340
Convert -2303134 (base 5) to base 4.
-22001110
-100202220 (base 3) to base 16
-1bd5
What is -116 (base 8) in base 4?
-1032
236 (base 11) to base 2
100011001
What is -4626 (base 10) in base 3?
-20100100
-15613 (base 7) to base 14
-187a
42d (base 15) to base 10
943
What is 100100010101 (base 2) in base 10?
2325
Convert -209a (base 11) to base 4.
-223103
44a5 (base 16) to base 3
220002212
What is -344 (base 12) in base 16?
-1e4
Convert -101010000011 (base 2) to base 13.
-12c0
38a (base 16) to base 3
1020120
Convert -21365 (base 7) to base 6.
-40415
Convert 1431 (base 12) to base 5.
33331
Convert -22031 (base 4) to base 5.
-10103
-164331 (base 7) to base 10
-32754
What is 349 (base 11) in base 12?
2a8
What is -100000101001 (base 2) in base 14?
-a93
What is 2a19 (base 11) in base 13?
1a05
-41788 (base 9) to base 5
-1340440
Convert 1111001101010001 (base 2) to base 4.
33031101
What is 3222200 (base 5) in base 10?
54675
-233 (base 5) to base 12
-58
What is -134020 (base 5) in base 4?
-1112012
-882 (base 12) to base 9
-1638
What is 1022 (base 6) in base 13?
149
What is -16637 (base 8) in base 9?
-11355
Convert -4311 (base 14) to base 16.
-2d3b
What is -10303 (base 4) in base 14?
-17d
4303 (base 8) to base 6
14215
5025 (base 6) to base 16
449
-1010111110 (base 2) to base 6
-3130
2358 (base 14) to base 5
144104
Convert -9e3 (base 16) to base 7.
-10244
Convert -ca1 (base 13) to base 6.
-13555
-55311 (base 6) to base 16
-1dfb
11101010110 (base 2) to base 14
982
What is 20462 (base 10) in base 13?
9410
-20334 (base 5) to base 14
-6c0
-ca (base 14) to base 16
-b2
What is -52106 (base 8) in base 5?
-1142244
What is 1111 (base 6) in base 13?
16c
Con